168
What is the remainder when 10593366 is divided by 212?
150
Calculate the remainder when 8499969 is divided by 499996.
37
Calculate the remainder when 302987 is divided by 82.
79
Calculate the remainder when 1542008 is divided by 132.
116
Calculate the remainder when 543750 is divided by 163.
145
Calculate the remainder when 29507051 is divided by 592.
587
What is the remainder when 2050958645 is divided by 99?
98
Calculate the remainder when 10345964 is divided by 5172982.
0
Calculate the remainder when 53699297 is divided by 158405.
2
What is the remainder when 9673 is divided by 2316?
409
What is the remainder when 756740 is divided by 17198?
28
Calculate the remainder when 137839 is divided by 1021.
4
What is the remainder when 52855391 is divided by 332?
327
What is the remainder when 221389 is divided by 13?
12
Calculate the remainder when 15669 is divided by 135.
9
Calculate the remainder when 11046 is divided by 263.
0
Calculate the remainder when 6572 is divided by 658.
650
What is the remainder when 230527 is divided by 305?
252
Calculate the remainder when 162529098 is divided by 4925124.
6
Calculate the remainder when 1201155 is divided by 6748.
11
What is the remainder when 7081 is divided by 4918?
2163
Calculate the remainder when 40336 is divided by 1341.
106
Calculate the remainder when 2375016 is divided by 791619.
159
What is the remainder when 1465512 is divided by 68?
44
Calculate the remainder when 21422952 is divided by 112162.
10
What is the remainder when 14071273 is divided by 28?
13
Calculate the remainder when 63934 is divided by 10653.
16
Calculate the remainder when 164525375 is divided by 1628964.
11
What is the remainder when 716070235 is divided by 270?
265
Calculate the remainder when 14204812 is divided by 583.
17
What is the remainder when 738969 is divided by 1188?
33
What is the remainder when 2439719 is divided by 689?
659
What is the remainder when 427502 is divided by 71243?
44
Calculate the remainder when 2242006 is divided by 5947.
5934
Calculate the remainder when 75104833 is divided by 1654.
1
Calculate the remainder when 45350489 is divided by 2667674.
31
What is the remainder when 966249 is divided by 11?
9
Calculate the remainder when 1227090 is divided by 20.
10
What is the remainder when 123808480 is divided by 9?
7
What is the remainder when 221318 is divided by 44204?
298
What is the remainder when 3272948 is divided by 1710?
8
What is the remainder when 14287985 is divided by 7143986?
13
What is the remainder when 8304118 is divided by 4152051?
16
Calculate the remainder when 583338 is divided by 6626.
250
Calculate the remainder when 10405917 is divided by 16.
13
Calculate the remainder when 659674 is divided by 32.
26
What is the remainder when 2621458 is divided by 159?
25
Calculate the remainder when 1203805 is divided by 443.
174
What is the remainder when 13777256 is divided by 13?
12
What is the remainder when 3372215 is divided by 213?
212
What is the remainder when 9095295 is divided by 4631?
11
What is the remainder when 8146741 is divided by 905193?
4
Calculate the remainder when 79819 is divided by 1525.
519
What is the remainder when 66651584 is divided by 33325773?
38
Calculate the remainder when 16858046 is divided by 33.
29
Calculate the remainder when 155403 is divided by 77357.
689
What is the remainder when 1500317 is divided by 36593?
4
What is the remainder when 2131558 is divided by 2131414?
144
Calculate the remainder when 183498 is divided by 2007.
861
What is the remainder when 327376 is divided by 2798?
10
What is the remainder when 8905742 is divided by 51?
20
Calculate the remainder when 1215446 is divided by 57872.
134
What is the remainder when 56400158 is divided by 21388?
2
What is the remainder when 351201539 is divided by 7777?
7773
What is the remainder when 41155 is divided by 9921?
1471
Calculate the remainder when 5782 is divided by 3.
1
What is the remainder when 4113876 is divided by 218?
216
What is the remainder when 5555 is divided by 5052?
503
What is the remainder when 22161000 is divided by 209066?
4
Calculate the remainder when 3896118 is divided by 70.
58
What is the remainder when 40960 is divided by 10218?
88
What is the remainder when 22866 is divided by 9950?
2966
Calculate the remainder when 63984479 is divided by 1370.
1369
Calculate the remainder when 1749080 is divided by 4011.
284
What is the remainder when 116009 is divided by 11398?
2029
Calculate the remainder when 485001 is divided by 391.
161
Calculate the remainder when 19923121 is divided by 10881.
10
Calculate the remainder when 41734151 is divided by 77.
74
Calculate the remainder when 427087 is divided by 239.
233
Calculate the remainder when 8623679 is divided by 33.
20
What is the remainder when 877980 is divided by 1076?
1040
What is the remainder when 75967 is divided by 18986?
23
What is the remainder when 5295643 is divided by 442?
41
Calculate the remainder when 289649 is divided by 82.
25
What is the remainder when 10759040 is divided by 1536994?
82
Calculate the remainder when 110308251 is divided by 853.
850
Calculate the remainder when 299101 is divided by 88.
77
Calculate the remainder when 23385502 is divided by 508380.
22
Calculate the remainder when 3890396 is divided by 389.
7
What is the remainder when 203543 is divided by 2685?
2168
What is the remainder when 18701288 is divided by 251?
31
Calculate the remainder when 187734 is divided by 260.
14
What is the remainder when 1478133 is divided by 264?
261
Calculate the remainder when 2695854 is divided by 233.
44
Calculate the remainder when 1814937 is divided by 23.
7
Calculate the remainder when 826161 is divided by 391.
369
Calculate the remainder when 92496486 is divided by 2537.
3
What is the remainder when 6732530 is divided by 1956?
1934
Calculate the remainder when 23087617 is divided by 5282.
5277
Calculate the remainder when 212353 is divided by 1475.
1428
What is the remainder when 271930 is divided by 7966?
1086
What is the remainder when 1874 is divided by 333?
209
What is the remainder when 43034860 is divided by 7940?
60
Calculate the remainder when 291526 is divided by 54.
34
Calculate the remainder when 34988422 is divided by 25.
22
Calculate the remainder when 62620970 is divided by 9899.
9795
What is the remainder when 931657558 is divided by 6420?
6418
What is the remainder when 27769 is divided by 1927?
791
Calculate the remainder when 3668903 is divided by 333535.
18
Calculate the remainder when 918322 is divided by 438.
274
What is the remainder when 8495199 is divided by 34?
27
What is the remainder when 961531 is divided by 961519?
12
What is the remainder when 6768758 is divided by 3384374?
10
Calculate the remainder when 252540 is divided by 252417.
123
What is the remainder when 44674158 is divided by 44674135?
23
Calculate the remainder when 571160 is divided by 3524.
272
What is the remainder when 24220824 is divided by 566?
552
What is the remainder when 8925666 is divided by 1785133?
1
What is the remainder when 4266666 is divided by 2334?
114
What is the remainder when 16791240 is divided by 64831?
11
Calculate the remainder when 261468 is divided by 133.
123
What is the remainder when 595207 is divided by 148689?
451
What is the remainder when 165755243 is divided by 11839660?
3
What is the remainder when 261874 is divided by 311?
12
What is the remainder when 1402112 is divided by 191?
172
Calculate the remainder when 8971679 is divided by 31.
0
Calculate the remainder when 3405464 is divided by 124.
52
What is the remainder when 24367 is divided by 4664?
1047
What is the remainder when 752814 is divided by 29?
3
Calculate the remainder when 5383382 is divided by 533.
82
Calculate the remainder when 54787126 is divided by 72.
22
Calculate the remainder when 25025 is divided by 24952.
73
Calculate the remainder when 91310 is divided by 1719.
203
What is the remainder when 5127258 is divided by 121?
4
Calculate the remainder when 773921 is divided by 2078.
905
Calculate the remainder when 540154 is divided by 4039.
2967
Calculate the remainder when 11335343 is divided by 37165.
18
Calculate the remainder when 52804131 is divided by 11.
6
What is the remainder when 234726